2))?
4
What is the units digit of (36/8 - 4)*114?
7
Let f(t) = t**3 - 5*t**2 - 4*t - 7. Let i be f(6). Suppose -11 = p + 5*k, 0 = -0*p + i*p - k - 49. What is the units digit of p?
9
Let t be 2*(27/(-6) + 3). Let w(y) = -2*y + 3. What is the units digit of w(t)?
9
Let m(v) = -v - 9. What is the tens digit of m(-19)?
1
Suppose 2*o = -f + 224, -2*o = 2*o - 16. What is the units digit of f?
6
Let m(i) be the first derivative of -i**4/4 - i**3 - i**2/2 - 2*i - 6. What is the units digit of m(-3)?
1
Let k(r) = 12*r - 3. What is the units digit of k(8)?
3
Suppose 20*o - 25*o + 785 = 0. What is the hundreds digit of o?
1
Let w = 0 - -7. Suppose 5*v - w + 2 = 0. What is the units digit of v?
1
Let k(q) = 16*q - 25. What is the units digit of k(10)?
5
What is the units digit of (4 + -8)*15/(-2)?
0
Let u(d) = 5*d**3 - d**2 - 3*d. What is the units digit of u(3)?
7
Let b = 171 - 0. Suppose 7*c = 4*c + b. Let r = c - 41. What is the tens digit of r?
1
Suppose -5*i + 212 = -3*b - 129, 0 = -5*i - 4*b + 362. What is the units digit of i?
0
Suppose 2*q = 4*q - 66. Suppose -2*y = -y - q. What is the tens digit of y?
3
Suppose 3*s = 2*o - 2, -3*o - 2 = -5*s - 4. Suppose 0 = 3*i + s*i - 15. What is the units digit of i?
3
Let k(j) be the second derivative of -j**5/20 + j**4/4 + j**3/2 - 3*j**2/2 - 4*j. Let a be k(2). Let g = 3 + a. What is the units digit of g?
0
Let x = -25 + 36. Let l(d) = d**3 + d**2 - d - 7. Let f be l(0). Let i = f + x. What is the units digit of i?
4
Let f be 2/(-10) + (-1)/(-5). Suppose v - 3*d - 5 + 4 = f, 5*d + 3 = 3*v. Suppose -3 + v = -l. What is the units digit of l?
2
Let s = -35 - -60. What is the tens digit of s?
2
Suppose 3*o + 5 = -4*b, 0*o - 4*o = 4*b. Suppose o*d + 10 - 160 = 0. What is the tens digit of d?
3
Let a be (-40)/(-6)*(5 + -2). Let i = a - 11. What is the units digit of i?
9
Suppose 3*l = 4*l - 9. What is the units digit of l?
9
Let n(i) = -2*i + 3*i - 2*i**2 + 22*i**3 + 6*i**3. What is the tens digit of n(1)?
2
What is the hundreds digit of (105 - -3 - -4) + 1?
1
Let u = -1 + 2. Suppose 0 - 16 = -4*p. Let k = p + u. What is the units digit of k?
5
Let g(v) be the second derivative of v**3/6 - v**2/2 - v. Let n be g(-3). What is the units digit of (-11)/(-2) - 2/n?
6
Suppose 0 = 14*x - 2727 + 837. What is the tens digit of x?
3
Let f = 79 + -54. What is the tens digit of f?
2
Suppose 4*t - 210 = 494. What is the hundreds digit of t?
1
Suppose 3*g = 187 - 25. What is the tens digit of g?
5
Let i(y) = y**2 - 5*y - 9. Suppose -31 = -5*g - 76. Let p be (-42)/(-4)*(-6)/g. What is the units digit of i(p)?
5
Let a = 12 + -7. Suppose 2*w = 27 - a. What is the units digit of w?
1
Let x(z) = -z**3 + 12*z**2 - 9*z - 13. Let n be x(11). Let v(b) = b + 5. What is the units digit of v(n)?
4
Suppose 0 = -2*n + n + 3. Let z = 0 + n. Suppose -16 = -z*g + 2. What is the units digit of g?
6
What is the hundreds digit of 4/(-10) + 8/(-60)*-843?
1
Let t be 271/2 + 15/(-30). Suppose -5*p = 3*z - 180, -4*p + t = 5*z + 4. What is the tens digit of p?
3
Suppose 2*d = d + 5*c + 10, -4*d + 2*c + 4 = 0. Suppose 4*r + 3*f - 20 = 7*f, d = -2*r - 2*f + 30. What is the units digit of r?
0
Let l be 57/21 + (-2)/(-7). Suppose l*u + 2*a = 6*a + 13, 4*a = -4*u + 8. Suppose 4*n - u*n = 6. What is the units digit of n?
6
Let m(a) = a**3 - 12*a**2 + 10*a + 21. What is the units digit of m(11)?
0
Suppose 3*d - 5*d = -18. Let z = d + -6. What is the units digit of z?
3
Let d = 0 - -99. What is the units digit of d?
9
Let n(p) = 3*p**3 - 13*p**2 + 11*p - 4. Let u(k) = k**3 - 6*k**2 + 5*k - 2. Let x(j) = 2*n(j) - 5*u(j). What is the tens digit of x(-4)?
1
Suppose 5*g + 4*u + 16 = 0, 15 = -3*u + 3. Suppose -2*c = -g*c + 6. Let z = 9 + c. What is the units digit of z?
6
Let b(d) = -3*d + 9. Let a(o) = -2*o + 9. Let g(w) = -5*a(w) + 4*b(w). Let k be g(-6). What is the units digit of k + (-2 - (1 - 2))?
2
Suppose 5*p - 2*j - 22 = 0, -2*p + 0*j + 2*j + 10 = 0. Suppose p = 4*g - 4. What is the units digit of g?
2
Suppose 0 = 10*m - 640 - 690. What is the units digit of m?
3
Let d = 185 - 108. What is the tens digit of d?
7
Let j(r) be the third derivative of -5*r**4/24 + r**3/6 + 2*r**2. What is the tens digit of j(-2)?
1
What is the units digit of -1 + (-9)/(36/(-184))?
5
Suppose 14*n + 6*n = 340. What is the units digit of n?
7
Suppose 7*o - 8*o + 22 = 0. What is the tens digit of o?
2
Let n(o) = 2*o**3 + o - 10*o**3 + 8*o**2 - 6*o**2. What is the units digit of n(-1)?
9
Let t(p) = p**2 + 5*p - 1. Let j be t(-6). Let w = j + 5. What is the tens digit of w?
1
Let a(o) = -4*o + o**2 - 2*o**2 + 7*o + o - 2. Suppose 0*f - 2 = -f. What is the units digit of a(f)?
2
Suppose 3*u - 39 = -237. Let i = -46 - u. What is the units digit of i?
0
Let z = 483 - 104. What is the hundreds digit of z?
3
What is the tens digit of ((-2)/2)/((-3)/180*2)?
3
What is the units digit of (16/4 + 83)/((-1)/(-2))?
4
Let y(n) = 7*n + 10. What is the units digit of y(12)?
4
Suppose -2*i - i - v + 944 = 0, -5*i = -3*v - 1592. What is the tens digit of i?
1
Let c = 29 + 11. What is the units digit of c?
0
Suppose -2*w + 48 = -8. What is the tens digit of w?
2
Suppose 3*v = z - v - 26, v = -3*z + 143. What is the tens digit of z?
4
Suppose -5 - 5 = -5*y. Let n = y - 0. What is the units digit of ((-1)/n)/((-4)/144)?
8
Let k = 21 - 45. What is the units digit of 1 + k/(-3) + 3?
2
Let z be 21/14*2*1. Suppose f + 43 - 2 = 5*u, -3*u + 15 = -z*f. What is the units digit of u?
9
Let m(x) = 7*x**2 - 8*x - 19. What is the hundreds digit of m(-5)?
1
Let m be (-4)/(-10) + 88/5. What is the tens digit of (-6)/(-27) + 230/m?
1
Let f = 88 + -41. What is the tens digit of f?
4
What is the units digit of -4 - -18*(12 - 5)?
2
Suppose -50 = -2*j + 4*j. Let a = -30 + 15. Let u = a - j. What is the units digit of u?
0
Let i(l) = -l**2 + 11*l + 1. What is the units digit of i(8)?
5
Let r(w) = -27*w - 18. What is the units digit of r(-4)?
0
Suppose 2*f - 5 = -y, 55 = 5*y + f + 3*f. Suppose 3*m = 2*m + y. Let l = m + -4. What is the tens digit of l?
1
Let r = -14 + 8. What is the tens digit of 12/r - (-20 - -1)?
1
Let u(w) be the first derivative of -5*w**2 + w - 1. What is the tens digit of u(-1)?
1
Let p(b) = b**2 + 8*b + 2. Let w be p(-8). What is the units digit of w*(-3)/12*-2?
1
Let a be 2*(2 + 3/(-3)). Let v(z) = -5*z**3 - 2*z - 2. Let g(b) = -6*b**3 - b**2 - 3*b - 2. Let u(f) = 3*g(f) - 4*v(f). What is the units digit of u(a)?
4
Suppose -4*q = q - 5. What is the units digit of -3*3*(0 - q)?
9
Let c be (-40)/(-18) - 6/27. Suppose -5*a = c*v - 0*a - 21, 5*v = 5*a. What is the units digit of v?
3
Let g(t) = t**2 - 2*t - 3. Let k be g(5). Suppose 3*v + k = -0*v, 3*v = 2*j - 54. What is the tens digit of j?
2
Let k = -109 - -74. Let d = 61 + k. What is the units digit of d?
6
Suppose 5*b + 5 - 25 = 0. Suppose -3 = -3*p, b*p = -4*f + p + 95. What is the tens digit of f?
2
Suppose -4*m - 3*i + 9 = 0, 4*m - 3*m - 26 = 4*i. Suppose g = m*g - 25. Let a(z) = -z**2 + 6*z + 1. What is the units digit of a(g)?
6
Suppose 3*n + 5*p = 59, 0*p + 3*p + 51 = 3*n. Suppose -n = h + h. Let m = h + 15. What is the units digit of m?
6
Suppose -q = -3*q. Let m = q + 2. What is the units digit of -2 - 1*(-22)/m?
9
Let w(h) = 3*h - 6. Let c(f) = f - 3. Let b(d) = 5*c(d) - 2*w(d). Let t be b(-4). Suppose -3*k + t = -26. What is the units digit of k?
9
Let v = -2 - -6. Suppose -11 + 99 = v*d. What is the units digit of 1/(2 - d/12)?
6
Suppose s + 27 = 4*s. Suppose s = 2*q + 5*k, -3*q - k + 0*k = -46. What is the tens digit of q?
1
Let l(u) = u**2 + 12*u + 3. What is the tens digit of l(-13)?
1
Suppose -7*g + 6*g + 379 = 0. What is the hundreds digit of g?
3
Let f = -22 + 58. Let i = f + -14. What is the tens digit of i?
2
Let k = 0 - -2. Suppose 0 = -3*y - 9, -y + 8 - 21 = -k*m. Suppose -m = 3*h - 11. What is the units digit of h?
2
Suppose 6*j - 3*j = 45. Suppose 8*u - 3*u - j = 0. Suppose -u*a + 35 = 2*a. What is the units digit of a?
7
Suppose -2*x + 13 = d + 3*x, 2*d - x = 4. Let m be 3*4*d/18. Suppose -m*a + 3 = -7. What is the units digit of a?
5
Let v(m) = 4*m + 4. What is the units digit of v(0)?
4
Suppose -3*o - 9 = -27. Suppose 0 = -2*b - o + 32. Let d = b - 6. What is the units digit of d?
7
Let j(f) = f**3 + 5*f**2 + 5. 